 of r?
7
Let n(l) = l**2 + 3*l - 17. Let j be n(-5). Let g be (0 + (-315)/j)*(-10)/(-3). Suppose -150 = -2*m + 4*a, -2*m - a = 3*a - g. List the prime factors of m.
3, 5
Suppose 4*q = 4*p + 1800, -2*p = 4*q - 3*q - 465. Let n = -230 + q. List the prime factors of n.
3, 5
Let z = -384 - -389. Suppose -2093 = -z*x + 2197. List the prime factors of x.
2, 3, 11, 13
Let u = 205 - -3161. List the prime factors of u.
2, 3, 11, 17
Let a(t) = t**2 - 6*t + 8. Let m be a(5). Suppose 2682 = 12*w - m*w. What are the prime factors of w?
2, 149
Let m = -58 - -62. Suppose m*w - 68 = -3*x + 134, -4*w + 4*x = -188. Let c = w - -40. What are the prime factors of c?
89
Let s(l) be the first derivative of 4*l**3/3 - 5*l**2/2 + 5*l + 15. Let v be s(3). Suppose -3*x - 4*j = -57, -x = 2*j - 3*j - v. List the prime factors of x.
23
Let x be -4 - ((-24)/(-4) - -25). List the prime factors of (-6 - x/7) + 631.
2, 3, 5, 7
Let d be (35/10 - 3)*0. Suppose 15*v + 36*v - 19176 = d. List the prime factors of v.
2, 47
Suppose 0 = -2*t + 5*u - 4*u - 3, -t - 3*u = -9. Suppose -5*k + 22*k - 10914 = t. What are the prime factors of k?
2, 3, 107
Let k be 13 + 3 - (3 - -1). Let h be (-12)/16 - (-189)/k. What are the prime factors of 20/(-2 + h/7)?
2, 5, 7
Suppose 10*j = 6416 + 7137 + 7537. List the prime factors of j.
3, 19, 37
Let k(v) = -147 - 49 + 49*v - 120 - 99 - 54. What are the prime factors of k(27)?
2, 7, 61
Let h = 652 + -352. Let g = h - 154. List the prime factors of g.
2, 73
Let u be (9/(-3) - -1) + 897. Suppose -11*r + 2974 = u. Suppose -2*q - q = -r. What are the prime factors of q?
3, 7
List the prime factors of ((-5168)/204)/((-24)/18).
19
What are the prime factors of (-39)/(-143) - 1885896/(-198)?
3, 5, 127
Let n(v) be the third derivative of -181*v**6/60 + v**5/60 - 62*v**2. What are the prime factors of n(-1)?
3, 11
Suppose 0 = -3*l + 4*i + 54, 29 + 66 = 5*l - 5*i. Suppose -23*x = -l*x - 6. Suppose -5*y = x*y - 1144. List the prime factors of y.
2, 13
Suppose 4*w + 2*z - 3357 = -1099, 2255 = 4*w - z. Suppose -5*k - w = -3414. Suppose 566 = 16*h - k. What are the prime factors of h?
71
Let l = -12 + 2893. What are the prime factors of l?
43, 67
Suppose 0 = -2*s + 3 + 3, -5*b + 52656 = 2*s. Suppose -3*n + 3*f = -b, -3*n + 2*f + 10525 = -2*f. What are the prime factors of n/20 + 4/16?
2, 11
Let b be 384/112*(-7)/(-2). Let f be b/14 - 7/(-49). List the prime factors of f*79 + (-54)/(-18).
2, 41
Let j(o) = -100*o - 1281. What are the prime factors of j(-21)?
3, 7, 13
Suppose -4*c = -x + 812, -3*x - 570 = -5*c - 2978. Let q = 1492 - x. List the prime factors of q.
2, 3, 29
Let t(h) = 148*h + 2951. List the prime factors of t(0).
13, 227
Let v(z) = -z**2 - 7*z - 7. Let i be v(-5). Let j(t) = -17*t + 1 - 3 - 62*t - i. List the prime factors of j(-1).
2, 37
Let n(t) = -t**3 + 8*t**2 + 12*t + 59. Let v(r) = -r**3 + r**2 - r + 1. Let x(c) = n(c) - 2*v(c). List the prime factors of x(-4).
3, 11
Let x = -33 + 33. Let v be (x + 15/(-4))/((-3)/12). Suppose 2*n - 459 = -v. List the prime factors of n.
2, 3, 37
Suppose -181*q = 1206578 - 2333852 - 1316769. List the prime factors of q.
3, 7, 643
Let d be (-1)/((-2)/(-9))*(-1178)/(-57). Let c = d - -99. Suppose -2*x + 2*r = -262, 2*x + r + 530 = c*x. What are the prime factors of x?
7, 19
Let i(b) = b**3 + 24*b**2 - 91*b + 179. What are the prime factors of i(21)?
59, 307
Let k(s) = -197*s + 57. Let w(r) = 11*r - 71. Let b be w(6). List the prime factors of k(b).
2, 521
Let l(t) = -t**2 - 16*t - 53. Let i be l(-12). Let c be i + 2/(-5) + 26/65. Let q(x) = 6*x**2 + 4*x - 3. List the prime factors of q(c).
127
Suppose 16 = 3*p - 8. Suppose 0 = -p*q + 6*q + 100. What are the prime factors of (q/35)/((-2)/(-70))?
2, 5
Let r(y) = 3*y**3 - y**2 - 4*y + 11. Let s be r(8). Suppose 6*f - 3235 = s. What are the prime factors of f?
11, 71
Let u = 3 + -41. Let w = u + 28. Let i = w - -92. What are the prime factors of i?
2, 41
Let j(y) = 2*y**2 + y - 1. Let l be j(1). Suppose 3*d + 6*u + 33 = 0, -4*d - 25*u + 1 = -26*u. What are the prime factors of d/2 + 37/l?
2, 3
Let m = 3383 + -1968. List the prime factors of m.
5, 283
Suppose -2*l - 3*i = -4*l - 8, 3*i = -4*l + 20. Suppose -u = -l*s, 6*u - 8*u = 0. Suppose s = -0*b + 5*b - 895. What are the prime factors of b?
179
Let x = 864 + 12357. List the prime factors of x.
3, 13, 113
Suppose 2*w - 5*w + 3*j + 13833 = 0, -3*j = -5*w + 23061. What are the prime factors of w?
2, 3, 769
Let i = -4710 + 14622. What are the prime factors of i?
2, 3, 7, 59
Let a = -1983 + 1307. Let v = -124 - a. What are the prime factors of v?
2, 3, 23
Suppose -21*o + 907662 = 21*o - 21*o. List the prime factors of o.
2, 21611
Suppose s - 73643 = -3*u, -4*s + 23809 = 5*u - 98941. List the prime factors of u.
2, 3, 4091
Suppose 4*x + 5*t = 60674, -5*t + 75840 = -12*x + 17*x. What are the prime factors of x?
2, 7583
Let k be 5/(-5) - 1*-1. Suppose k = -2*n + 3*x + 388, 4*n - 2*x - 772 = 3*x. List the prime factors of n.
2, 47
Suppose 248 = 5*l - t, -3*t + 56 = -2*l + 3*l. Let n be (-11)/(-154)*-7*54. Let c = n + l. List the prime factors of c.
23
Let z(j) = 2*j**3 + 121*j**2 + 259*j + 280. What are the prime factors of z(-52)?
2, 5, 11, 149
Suppose h = 4*i - 0 - 9, 5*i = 2*h + 12. Suppose 0*d + t = -2*d + 547, -i*t = -2*d + 544. Let s = -152 + d. What are the prime factors of s?
11
Suppose 247 = -3*v + 3*y - y, -5*v - 2*y = 433. Let l = 87 + v. Suppose 3*i - l - 553 = 0. List the prime factors of i.
5, 37
Let z be (6/(-5))/(4/10). Let y be 1 - (-36)/(-27) - (-850)/(-6). What are the prime factors of (6 + 1 + z)*y/(-8)?
71
Suppose 4*z = -3*q + 102454, z = -6*q + 11*q - 170795. List the prime factors of (-9)/((-378)/q) - 4/14.
3, 271
Suppose 1242 = -428*q + 431*q. What are the prime factors of q?
2, 3, 23
Suppose -83*r + 3*o - 21987 = -86*r, -r = 5*o - 7349. What are the prime factors of r?
2, 1831
Let d(z) = 1216*z**2 + 399*z - 7. List the prime factors of d(4).
3, 5, 23, 61
Suppose 2*y - m = m + 6, 0 = -4*y + 5*m + 8. Suppose -4*f - 57 - 27 = 0. List the prime factors of y/f + -4*(-15)/18.
3
Let s(l) = 39*l - 1. Suppose -32 = -r - 29. List the prime factors of s(r).
2, 29
Suppose 27*s - 157*s - 81*s + 389928 = 0. What are the prime factors of s?
2, 3, 7, 11
Let k be -1 - (-2)/(-4)*-314. Let b(i) = i**2 - 15*i - 52. Let n be b(-3). Suppose -4*c + k = n*c. What are the prime factors of c?
2, 13
Let f = -156 + 237. Suppose -2*c - 2*c - f = -5*v, -3*v + 46 = -5*c. List the prime factors of v.
17
Suppose 30*u + a = 31*u - 13371, -3*u - 4*a = -40120. List the prime factors of u.
2, 3343
Let r = 24002 - 5487. What are the prime factors of r?
5, 7, 23
Let a = 15737 + 39579. List the prime factors of a.
2, 13829
Let m = 139 - 65. Suppose 4*w - m = 254. List the prime factors of w.
2, 41
Let s(r) = -916*r + 214. List the prime factors of s(-6).
2, 5, 571
Let l(u) = 53*u**2 - 83*u - 10. List the prime factors of l(14).
2, 3
Let k = 128 - 100. List the prime factors of ((-399)/k + 13)*(-1 - 787).
5, 197
Let q = -10 + 26. Let y = q + -20. What are the prime factors of (-3 - -12)/(122/30 + y)?
3, 5
Let h be (50/(-15))/10*47*-3. Suppose 20*l = h*l - 7344. What are the prime factors of l?
2, 17
Let z(v) = -151*v**3 + 7*v**2 + 9*v - 25. What are the prime factors of z(-3)?
2, 7, 73
Let i = 143 + -90. Let q = -46 + i. What are the prime factors of 97 + 0 - (-7)/q?
2, 7
Let x = -2 - -4. Let k be ((-21)/(-9) - x)/(1/363). Let b = k + 72. List the prime factors of b.
193
Suppose d = 203 - 9. Suppose 2*w = -a + 318, 3*a - d - 760 = w. Suppose -p + 120 = -5*l, -2*p - p + l + a = 0. What are the prime factors of p?
3, 5, 7
Let v(s) = -812*s**3 + 2*s + 4. Let k be 46/115 - 21/15. List the prime factors of v(k).
2, 11, 37
Suppose 3*n = -4*n. Suppose 82 = 2*d + 4*z, n*d + 5*d + 3*z = 177. List the prime factors of 651/11 + (-6)/d.
59
Suppose -287*h + 1402730 = -4641234 - 139738. List the prime factors of h.
2, 3, 7, 19
Suppose 218493 = 16*d - 162259. List the prime factors of d.
53, 449
What are the prime factors of 144/(7 + 2)*(-9042)/(-3)?
2, 11, 137
Let x(b) = -b**3 + 4*b**2 + 6*b + 3. Let d be x(4). Let z = 30 - d. Suppose -l + z*v = -52, -3*l = -7*l - 2*v + 166. What are the prime factors of l?
43
Suppose 0 = -5*v - 3*i - 185, -v + 4*v + 